56/32 - 3/(-4) is divided by 9?
6
Suppose 0 = r + 1 - 7. Suppose -2*i + 0*i + 82 = 0. Suppose 5*q = i + 69. Calculate the remainder when q is divided by r.
4
Let b be (-7)/(-3) + 8/12. Let x = b - 0. What is the remainder when 77/3 + (-2)/x is divided by 9?
7
Suppose -t - t = 12. Suppose 1 = -4*w + 9. Calculate the remainder when (1 + 9/t)*-10 is divided by w.
1
Let m = 15 - -1. Let i be (0 - 32) + (-2 - 1). What is the remainder when m is divided by 12/7*i/(-10)?
4
Let l(a) = 2*a**2 - 3*a + 6. Suppose 4*z = -4*y, 2*y + 2*y - 4*z = 40. Calculate the remainder when l(y) is divided by 14.
13
Let n(t) = -2*t - 6. Calculate the remainder when -3*((-14)/(-6) + -3) is divided by n(-4).
0
Suppose 4*n = 4 + 40. What is the remainder when 31 is divided by n?
9
Let b be 1/(0 - 1/(-35)). Calculate the remainder when 780/b - (-4)/(-14) is divided by 18*(4/(-3) - -2).
10
Let f be 0/(-3) - 6/(-3). Suppose -5*i + 7 = r, -3*i - r = -2 - 3. Let q = i + f. Calculate the remainder when q is divided by 2.
1
Let j(l) = l**3 - 8*l**2 + 7*l + 6. Suppose -9 = 3*u + 2*x - 32, 0 = -u + 4*x + 31. What is the remainder when u is divided by j(7)?
5
Suppose 244 + 16 = -4*m. Let a = m + 31. What is the remainder when 10 is divided by a/(-8) + 2/(-8)?
2
Suppose -7*b + 12*b - 140 = 0. What is the remainder when 80 is divided by b?
24
Let a(d) = d - 5. Let n = -11 + 21. Calculate the remainder when a(n) is divided by 4.
1
Suppose 0*s = -4*s. Suppose s = -6*r + r + 35. Calculate the remainder when 1*(11 + 2/2) is divided by r.
5
Let t = 0 - -4. Suppose 2*k - 22 = -3*r, -13 + 1 = 2*r - t*k. Suppose -a - 5*p = -23, r*a - 4 = -2*p + 52. Calculate the remainder when 25 is divided by a.
12
What is the remainder when 125 is divided by (1386/(-105))/(((-27)/(-30))/(-3))?
37
Suppose 33 = -0*f - f - 4*u, -120 = 5*f + 5*u. Let g = f + 51. Let n = 26 - 15. What is the remainder when g is divided by n?
8
Suppose -8*h + 60 = -3*h. Calculate the remainder when 105 is divided by h.
9
Let p(x) = -x**3 + 11*x**2 - 11*x + 13. Let f be p(10). Suppose -3*n = 5*w - 65, -f*n - 65 = 2*w - 7*w. What is the remainder when 38 is divided by w?
12
Let s(w) be the first derivative of -8*w**2 - 6*w + 2. Let b be s(-5). Let m = -38 + b. Calculate the remainder when m is divided by 19.
17
Let p(q) = -q**2 + 17*q + 26. Calculate the remainder when p(17) is divided by 9.
8
Suppose -2*z - z = -90. Calculate the remainder when z is divided by (44/6)/(10/15).
8
Let d(f) = -2 - 17*f + 13*f - 14 + 8*f. Calculate the remainder when 62 is divided by d(8).
14
Calculate the remainder when 50 is divided by 102/8 + 4/16.
11
Suppose 0 = -2*k + 5 + 1. Let g = 6 - 0. Let j = 11 - g. What is the remainder when j is divided by k?
2
Let r(t) = -t + 23. Let g(c) = c - 12. Let u(x) = -7*g(x) - 4*r(x). What is the remainder when 19 is divided by u(-6)?
9
Calculate the remainder when 6 is divided by (-1 - 0) + (-15)/(-5).
0
Let i be 4/(-10) + 2/5. Calculate the remainder when (6 - i)/(6/39) is divided by 14.
11
Suppose 5*y - c + 75 = 3*c, -5*y - 80 = -5*c. Let a = y + 18. Suppose 0 = 2*j - 3*j + a. What is the remainder when 20 is divided by j?
6
Let v = 43 - 26. Suppose 13*n + 1 - 66 = 0. What is the remainder when v is divided by n?
2
Suppose 10 + 25 = 5*c. Let y(j) be the second derivative of j**4/3 + j**3/3 + j**2/2 - j. What is the remainder when c is divided by y(-1)?
1
Calculate the remainder when 4 is divided by (-12)/9*-1 + (-30)/(-18).
1
Let r(y) = y**2 - y + 1. Let p be r(3). Suppose 13 = 2*c - p. What is the remainder when 29 is divided by c?
9
Suppose -2*j = j. Suppose 0 = -2*w + 4*i - 10 + 50, j = -4*w + 3*i + 90. What is the remainder when w is divided by 0 - (-2 - 10) - -1?
11
Let z(x) = -x**3 + x**2 + x + 2. Let k be z(0). Let a be (k - 1)*15*-2. Calculate the remainder when 18 is divided by (a/9 - 0)*-3.
8
Let x(k) = -2*k**2 + 3*k**2 - 2 - 2 + 12*k. Let v = -25 - -38. What is the remainder when x(-14) is divided by v?
11
Let b = 29 + -18. What is the remainder when 63 is divided by b?
8
Suppose 3*y - 45 = 3*l, -2*l - l = -y + 25. Calculate the remainder when y is divided by 2/(-4)*-4 - (-1)/1.
1
Let z(x) = -x + 3*x + 2 + x**2 + 1 - 2. Let d(t) = -t**3 - 4*t**2 + 4*t - 7. Let c be d(-5). What is the remainder when z(c) is divided by 1?
0
Let f(m) = -m - 3. Suppose -5*a - 3*b - b = -12, -2*b + 6 = a. Let s be f(a). Calculate the remainder when 20 is divided by (-66)/(-4)*(-2)/s.
9
Let d(l) = l**3 + 5*l**2 - l + 2. Let c be 0 - -1 - -19 - -2. Let v = -10 + c. What is the remainder when v is divided by d(-5)?
5
Let k(m) = 5*m**3 - 2*m**2 + 4*m + 1. What is the remainder when k(2) is divided by 15?
11
Let u = 7 + -3. Suppose -v + 10 = -1. Calculate the remainder when v is divided by u.
3
Suppose -2 - 73 = -5*s. Let g = 64 - 35. What is the remainder when g is divided by s?
14
Suppose 0 = 3*f + 3 + 3. Let q(u) = -5*u - 5. What is the remainder when 2/7 + (-131)/(-7) is divided by q(f)?
4
Suppose 2*a + a = 6. Suppose -5*h + 88 - 327 = -2*p, p - 142 = -a*h. Suppose -y - 5*d + 10 = -39, -4*d + p = 4*y. What is the remainder when y is divided by 16?
13
Suppose 3*i + 81 = 3*m, -67 = -3*m + i + 8. Calculate the remainder when 92 is divided by m.
20
Suppose -s = 1, -r + 4 = -2*s - 12. What is the remainder when r is divided by 8?
6
What is the remainder when 4 is divided by ((-9)/6)/((-1)/2)?
1
Let u(s) = -2*s - 4. Let c be u(-5). Suppose -l = 4*k - 47, 26 = -4*l + c. Calculate the remainder when k is divided by 5*(55/65 + 4/26).
3
Let l(k) = k**3 + 3*k**2 + 6*k + 5. Let v be 4/(-6)*(2 + 4). Let c be l(v). Calculate the remainder when 35 is divided by ((-12)/(-7))/((-5)/c).
11
Let z be 1/(-2) - (-33)/6. Suppose 4*a + 10 = 4*s + z*a, 8 = 2*s - a. Calculate the remainder when ((-16)/40)/((-62)/30 + 2) is divided by s.
0
Calculate the remainder when 52 is divided by (5 - 0)*3/10*18.
25
Suppose 0 = 11*a - 7*a - 24. Let q(x) = x**3 - 4*x**2 - 3*x - 7. Calculate the remainder when a is divided by q(5).
0
Suppose y - 12 = -3*y. Calculate the remainder when 4 is divided by y.
1
Let c = -1 - -9. Let j = 1 - -2. Suppose j = -5*k + 118. What is the remainder when k is divided by c?
7
Let b = 5 - -9. Suppose v = 4*t, 3*v + 10 = 5*v + 2*t. Calculate the remainder when b is divided by v.
2
Let z = 3 + 1. Let m = 13 - 8. What is the remainder when m is divided by z?
1
What is the remainder when (-5)/(-15) + 101/3 is divided by ((-9)/(-2) - 0)/((-3)/(-6))?
7
Let w = -2 + 9. Let p(f) be the third derivative of f**5/60 + f**4/6 - f**3/2 - 2*f**2. What is the remainder when p(3) is divided by w?
4
Suppose -2*m + 3*j - 7 = -m, 5*j = 15. Let b = m - 2. Calculate the remainder when (-3)/(-1) - (-2 - b) is divided by 3.
2
Let g(q) = 8*q**3 + 2*q - 2. Let k be g(1). Let o = k - 6. What is the remainder when o is divided by 2?
0
Let j be 13/3 + 2/(-6). Let o(f) = -f**2 + 4*f - 3. Let z be o(j). Calculate the remainder when 14 is divided by (-4 - 0)*(z + 1).
6
Let l be (-2)/(124/30 - 4). Suppose -c = -5*c - 16. Let y = c - l. What is the remainder when 32 is divided by y?
10
Let j be (-4)/9*18/(-4). Suppose -j*r + 15 = -3. Let b = 31 - 14. Calculate the remainder when b is divided by r.
8
Let c = -7 + 9. Suppose 17 = -3*i + i + f, 0 = -c*i - 5*f + 13. What is the remainder when (-4)/i - (-39)/9 is divided by 2?
1
Suppose 5*m = -5 + 15. What is the remainder when 4/(1/4*4) is divided by m?
0
Let u(q) = -6*q. Calculate the remainder when -1*(-4)/(-2) + 19 is divided by u(-1).
5
Let l(w) = -w + 8. Let h = 3 + 4. Let k be l(h). What is the remainder when 2*-1 - -14 - k is divided by 6?
5
Suppose 0 = -6*i - i + 448. What is the remainder when i is divided by 17?
13
Suppose -8*o + 3*o = -185. Calculate the remainder when o is divided by 10.
7
Let w be 6/3 - (-86)/1. Suppose w = -5*v + v. What is the remainder when 12 is divided by (-1)/3 - v/3?
5
Let y(g) = -101*g**3 + 2*g**2 + g - 1. What is the remainder when y(-1) is divided by 21?
17
Suppose -f = 3, -3*x + 8*x = -4*f + 33. Suppose -3*z + x = -2*z. Calculate the remainder when 34 is divided by z.
7
Suppose -4*i + 4*l - 17 = i, 5*i + 2*l - 1 = 0. Let z(r) = -34*r. Calculate the remainder when z(i) is divided by 12.
10
Let i(n) = -n + 8. Let m be i(6). Let v(u) = -3*u + 3. What is the remainder when 94